. Suppose 0 = 3*b - 6, 3*b = -3*a - u + 539. Calculate the greatest common divisor of a and 14.
14
Let f(h) = 3*h**3 + 10*h**2 - 12. Let m(p) = -4*p**3 - 11*p**2 + 13. Let r(g) = -5*f(g) - 4*m(g). Let d be r(6). Calculate the highest common factor of 2 and d.
2
Let m be 2788/9 - (-4)/18. Let v = m + -150. Calculate the highest common divisor of v and 20.
20
Suppose 5*c = -2*j + 758, -5*j = -2*c + 92 + 188. Calculate the greatest common factor of c and 25.
25
Suppose 224 = 3*c + c. Calculate the highest common divisor of 14 and c.
14
Let l = -8 - -8. Suppose l = -4*u + 11 + 9. What is the highest common factor of 10 and u?
5
Let c = 14 + -8. Let r(m) = 3*m - 4. Let b be r(c). Calculate the greatest common factor of b and 154.
14
Let l = 19 + -1. Let d = -71 - -49. Let i = d - -31. Calculate the greatest common factor of l and i.
9
Let g = -5 + 11. Suppose 2*k - 3 = -1. Let t = g + k. What is the highest common factor of t and 21?
7
Let x = 173 - 783. Let w be x/(-20) + (-6)/(-4). Calculate the greatest common divisor of 8 and w.
8
Let c be 0 + 1/2*6. Let q(v) = 2*v - 45. Let t be q(23). Calculate the greatest common divisor of t and c.
1
Let v be 72/54*(-39)/(-4). Let k(b) = 5*b**2 - 4. Let u be k(6). Suppose 5*r - u - 19 = 0. Calculate the highest common divisor of v and r.
13
Let m = 106 - 76. Calculate the highest common factor of m and 10.
10
Let h = 22 + -19. Let f be (-1095)/(-20) + h/(-4). Let u = 4 + 14. What is the highest common factor of u and f?
18
Let z(b) = -8*b + 17. Let x(r) = -17*r + 34. Let w(n) = 3*x(n) - 7*z(n). Let d be w(7). What is the highest common divisor of d and 18?
18
Let x = 49 - 19. What is the greatest common divisor of 15 and x?
15
Suppose 2*a - 70 = -5*y, a - 86 = -2*a + 2*y. Let z(p) = 1 - 2 + 7*p + 2. Let o be z(2). Calculate the highest common factor of a and o.
15
Let z = 23 + -8. Calculate the highest common divisor of z and 3.
3
Let c(z) = 0 - 3*z - 1 - z**3 + 6*z**2 + 0*z**2 - 2*z. Let k be c(4). Calculate the highest common divisor of k and 99.
11
Let m = 85 - 43. Calculate the highest common divisor of 28 and m.
14
Let o = -63 + 65. Let p = -10 - -14. Calculate the highest common factor of o and p.
2
Let t be 6/(-21) - (-37)/7. Suppose -s - x = -t - 1, -2*s + 12 = 3*x. Calculate the highest common divisor of s and 18.
6
Suppose -3*g + 30 = c - 0, 0 = -c - 4*g + 30. What is the greatest common divisor of c and 3?
3
Let r be (1 - 1) + 2 - 1. Let z(t) = 27 - 15 + 10*t - 12. Let o be z(r). What is the highest common divisor of 4 and o?
2
Let j = -5 - -25. Suppose 3*c + j = 68. Calculate the greatest common divisor of 64 and c.
16
Let t(c) = -3*c + 2 + 4*c + 2 + 2. Let f be t(6). What is the highest common divisor of f and 36?
12
Let t(y) be the first derivative of 2 + 4*y**2 + y + 0 + y. Let l be t(6). Calculate the highest common divisor of l and 20.
10
Let c(d) = 17*d. Let g be c(1). What is the greatest common factor of 187 and g?
17
Let p = 95 + 30. What is the greatest common divisor of 50 and p?
25
Suppose -4*w - 9 = 5*g - 50, -5*g = w - 14. Suppose 3*q = 3 + w. Let i be 1/(-2)*(-8 + 0). What is the greatest common divisor of i and q?
4
Let s = 120 + 84. Calculate the highest common factor of 24 and s.
12
Suppose 4*x = -2*g + 4*g + 36, -4*g - x = 54. Let o be (-1676)/(-14) - 4/g. Calculate the greatest common divisor of o and 24.
24
Let r(a) = -a - 5. Let i be r(-6). Suppose i - 40 = -v. Calculate the greatest common divisor of 13 and v.
13
Let l(v) = v + 25. Let w be l(11). What is the highest common factor of w and 4?
4
Suppose 0*r - 2*r = -522. Suppose 3*m = -0*m + r. What is the greatest common divisor of 29 and m?
29
Suppose 128 = -0*x + 2*x. Suppose x = 2*a - a. What is the highest common factor of 8 and a?
8
Suppose 4*q = 20, q - 16 = -2*l + 5. Let k be (-16)/1*(-1)/2. What is the greatest common divisor of l and k?
8
Let s(c) = c**3 - 11*c**2 - 10*c - 8. Let g be s(12). Let k(l) = -145*l - 1. Let t be k(-1). Calculate the greatest common divisor of g and t.
16
Let l(j) = j**2 + 10*j - 5. Let d be l(-9). Let m be (20/d)/((-9)/63). What is the highest common divisor of m and 90?
10
Let a be (48/(-28))/((-2)/14). Let f(x) = 14*x + 16. Let w be f(a). What is the highest common factor of w and 23?
23
Let n = 44 + -16. What is the highest common divisor of n and 14?
14
Suppose 3*b - 20 - 1 = -2*s, 0 = -3*s + 2*b + 12. What is the highest common divisor of 60 and s?
6
Let v be (-9)/(5 + -2) + 26. What is the greatest common factor of v and 230?
23
Let m = -229 + 320. What is the greatest common divisor of m and 7?
7
Let n = 141 - 92. What is the greatest common divisor of n and 7?
7
Let y(n) = n**2 + 8*n - 2. Let t be y(-13). Calculate the greatest common factor of 7 and t.
7
Let x = -33 + 61. Suppose 0 = 5*k - 0*l - 5*l + 15, -4*k - 4*l + x = 0. Let i(g) = g + 1. Let d be i(4). What is the highest common divisor of k and d?
1
Let v be 2 + 23 + (-18 - -13). What is the highest common factor of 5 and v?
5
Let q be (-3)/(((-18)/(-40))/(-3)). Let g = -106 - -330. Suppose -g = -2*o + 56. Calculate the highest common divisor of q and o.
20
Let i(q) = 4*q**3 + 2*q**2 - 3*q + 1. Let h(n) = 2*n - 8. Let r be h(5). Let p be i(r). What is the greatest common factor of 5 and p?
5
Let t(n) = -3*n + 2. Let b be t(-6). Suppose -2*r - 2*l = -5*r + 28, 2*l = -5*r + b. Let i = 10 + 2. Calculate the highest common divisor of r and i.
6
Suppose 3*l = 64 + 62. Calculate the greatest common divisor of 42 and l.
42
Suppose -78 = 3*i - 6*i. Let b(t) = 2*t + i - 26. Let l be b(10). What is the greatest common divisor of l and 100?
20
Suppose 10 = -w - 4*d, 38 = 5*w + 4*d + 8. Let f = w + -1. Calculate the highest common divisor of 9 and f.
9
Let k be (-1)/4 + (-1538)/(-8). Let v = 60 + -36. What is the greatest common divisor of v and k?
24
Let y be (-18)/1*(-13)/2. Calculate the highest common factor of y and 78.
39
Let y = 44 - -1. Let p = -14 + 19. Calculate the highest common factor of y and p.
5
Let x = 41 + -29. Calculate the greatest common factor of x and 24.
12
Let l(r) = -r + 10. Let a be l(8). Suppose 2*f + 36 = 6*f - 4*c, -3*c = -4*f + 41. What is the greatest common divisor of a and f?
2
Suppose 4*y + 3*s - 32 = 0, -3*s + 7 = 2*y - 3*y. Calculate the highest common factor of y and 25.
5
Let r = -85 - -100. Let b be 121 + (-1 - 1) + 1. Calculate the highest common divisor of r and b.
15
Suppose -3*l + 4*l = 17. Suppose 2*m - l - 35 = 0. Calculate the highest common divisor of 13 and m.
13
Let j(x) = 5*x. Let g be j(12). Calculate the greatest common divisor of 24 and g.
12
Let r(h) = -2*h - 8. Let n be r(-6). Suppose 3 + 9 = 4*k. Suppose -l - 20 = -k*l. Calculate the highest common divisor of l and n.
2
Let x be -2 - 66/(-3) - (3 - 0). What is the greatest common divisor of 187 and x?
17
Let t = 28 - 8. Suppose -g + t = -0*g. Let n = g + -14. What is the highest common divisor of n and 24?
6
Suppose -4*j = -8*j + 128. Suppose -u + 7 + 12 = -3*q, -2*u + j = -4*q. Calculate the highest common factor of u and 5.
5
Let i(h) = -3*h**2 + 1 - 5*h**3 + 2*h**2 + 2*h**3 + 0*h**2. Let z be i(-1). What is the greatest common factor of z and 3?
3
Let t(i) = -4*i - 36. Let g be t(-14). What is the highest common divisor of g and 220?
20
Let y(l) = 51*l**2 - 2*l + 1. Let c be y(1). What is the greatest common factor of c and 5?
5
Let v be 0*(3/6)/1. Suppose 3*p + 3*k = v, 3*k = -6*p + 2*p - 2. Let h be 28 - (1*p - 0). Calculate the greatest common divisor of 45 and h.
15
Suppose -6 = -s - 1, -n + 2*s + 23 = 0. Calculate the greatest common divisor of n and 3.
3
Let i(q) be the third derivative of -q**5/60 - q**4/2 - 4*q**3/3 - 5*q**2. Let f be i(-11). Calculate the highest common factor of f and 6.
3
Let l = -1156 - -1852. Let z be (-1)/((-1)/l*2). Let x = z - 186. Calculate the greatest common factor of 18 and x.
18
Let y(t) = -9 - 3*t + t - 5*t. Let x be y(-4). What is the greatest common divisor of x and 171?
19
Let c(j) = 2*j**2 - 7*j - 1. Let s be c(5). Suppose -3*x + 0*o + 378 = -2*o, 126 = x - o. Calculate the highest common factor of x and s.
14
Let l be (-63)/(-2) - 9/6. What is the greatest common factor of 270 and l?
30
Let f be 39/6 + (-3)/6. Let l be (f/4)/3*8. Let n = l - -1. What is the greatest common fac